*a + 14 - 4. Let k = -6 + 8. Suppose 36 = o + k*b, a*b = o + 1 - 16. What is the tens digit of o?
3
Let f = 227 - 53. Let h = f - 58. What is the units digit of h?
6
Let x = 146 + -112. What is the tens digit of 0/(-2) - -3*(x + -3)?
9
Suppose u = 3*u - 56. Suppose 0 = 23*t - u*t + 45. What is the units digit of t?
9
Let l = 56 - 16. Suppose -3*k - 3*n = -4 - 26, l = k - 5*n. What is the units digit of k?
5
Let i be 7174/(-51) + (-2)/6. Let p = -71 - i. What is the tens digit of p?
7
What is the hundreds digit of ((-3735)/(-6))/(6/40)?
1
What is the thousands digit of 11198/3 - (-35)/105?
3
Suppose -20 = -35*p + 31*p. Suppose k - 257 = -2*d, p*d = 5*k - 3*k - 559. What is the units digit of k?
7
Let j = -39 + 44. Suppose -1333 = -5*v - 4*k, -1348 = -j*v - 2*k + 3*k. What is the units digit of v?
9
Suppose 5*i - 23 = 3*j, -j + 2 + 9 = i. Let u(z) = -2*z + i*z + 11*z + 2*z. What is the units digit of u(2)?
6
Let n = 8 + 7. Suppose -q - 24 = -r + 4, -4*q = -r + 13. Suppose 2*d = r - n. What is the units digit of d?
9
Let y(m) = m**2 - m + 6. Let l be y(5). Suppose -l - 204 = 5*a. Let b = 5 - a. What is the tens digit of b?
5
What is the tens digit of (-3960)/(-12) + (1 - 5)?
2
Let i = -61 - -66. Suppose 776 = -r + i*r. What is the units digit of r?
4
Let v = 8 - -253. What is the tens digit of v?
6
Let r be 1 + 0 - (-1 + -1). Suppose 3630 = -0*x - r*x. What is the units digit of 6/(-27) + x/(-18)?
7
Let h(f) = -1 + 2*f**2 + 2*f**2 - 12*f - 5*f**2 - 2. Let i(q) = -2*q**2 - 5*q + 3. Let j be i(-4). What is the units digit of h(j)?
4
Suppose 1942*i = 1949*i - 1267. What is the tens digit of i?
8
Let a = -41 + 215. Let u = a + -74. Suppose -2*h - 2*h + u = 0. What is the units digit of h?
5
Suppose 0 = -4*u + 4*t + 647 + 969, t = -3*u + 1204. Let g = u + -161. What is the units digit of g?
1
Let c = -69 - -192. Let l = c - 56. What is the tens digit of l?
6
Let w = -26 - -38. Let v(i) = 2 - 2*i**2 + i**2 + 0*i - w*i. What is the units digit of v(-9)?
9
Let y = 13 - 4. Let b(d) = d - 13. Let l(t) = 2*t - 13. Let k(q) = -2*b(q) + 3*l(q). What is the units digit of k(y)?
3
Let a(w) be the second derivative of -w**5/20 + 17*w**4/12 - 8*w**3/3 + 2*w**2 - w. Let h be a(16). Suppose h*t - 82 = 102. What is the tens digit of t?
4
Let w(d) = 33*d**2 + 5*d + 32. What is the tens digit of w(-9)?
6
Suppose -10 = -12*d + 2*d. Suppose 5*c = -4*r + d + 142, -3*r = 4*c - 115. What is the units digit of c?
1
Let s = 2092 - -701. What is the tens digit of s?
9
What is the units digit of (-9785)/(55/(-66)*3)?
4
What is the hundreds digit of 3/(-7 + (-62572)/(-8938))?
4
Let z = 7450 - 5311. What is the units digit of z/(-92)*16/(-6)?
2
Suppose -2 = -3*v + 7. Suppose -v*j + 10 = -2. What is the units digit of j?
4
Suppose -3*i = 0, -r + 86*i + 5147 = 87*i. What is the hundreds digit of r?
1
Let t(p) = 61*p - 119. What is the hundreds digit of t(11)?
5
Let k(j) be the first derivative of -57/2*j**2 + 1 - 3*j. What is the tens digit of k(-1)?
5
Let q = 2348 - 1289. What is the tens digit of q?
5
Suppose a + 4*b - 53 = 0, -3*b - b + 233 = 5*a. Let x = a - 27. Let h = x - -12. What is the units digit of h?
0
Suppose 0 = -3*m + 7*m - 20. Let d = m + 5. What is the units digit of (-24)/12 + (d - 0)?
8
Suppose -5*t + 703 + 37 = -5*q, 0 = 3*q - 5*t + 448. Let a = 245 + q. What is the units digit of a?
9
Let i = 19 + -3. Suppose z - i = -3*z. What is the units digit of z?
4
Let y(u) = -u**3 - 24*u**2 - 78*u - 41. What is the tens digit of y(-23)?
2
Suppose 2*j = -4, 0 = q - 2*j - 2*j - 300. What is the tens digit of q?
9
Let l(s) = -8*s**3 - s. Let w be l(-1). Suppose -10*p = -7*p - w. Suppose -p*c = 2*t - 25 - 29, -154 = -5*t + 2*c. What is the units digit of t?
0
Suppose 10*n = 1724 + 2506. What is the tens digit of n?
2
Let x = -206 + 868. What is the hundreds digit of x?
6
Let q(o) be the second derivative of o**2 + 4*o + 7/3*o**3 - 1/12*o**4 + 0. What is the tens digit of q(10)?
4
Let a(p) = 12*p**3 - 2*p**2 + 2*p - 1. Let s be a(1). Let i(q) = -q**3 - 7*q**2 - 7*q - 11. Let n be i(-6). Let k = n + s. What is the units digit of k?
6
Suppose 10 - 4 = -2*w. Let f(c) = -c**2 - 2*c + 7. Let b be f(w). What is the units digit of 7 - (b - 4)*-1?
7
Let d(m) = -m**3 + 3*m**2 + 4*m - 6. Let t(h) = -h**3 + 3*h**2 + 5*h - 7. Let w(z) = 3*d(z) - 2*t(z). Let j = -51 + 54. What is the units digit of w(j)?
2
What is the tens digit of (-10)/1*(-3592)/16 - 4?
4
Let b = 457 - -459. What is the hundreds digit of b?
9
Suppose 3*a - 9 = 0, 0*a + a - 6 = f. Let i be 3/(-6) - f/6. Suppose i = -o + 4*o - 84. What is the units digit of o?
8
Suppose 3*v = 4*h - 9, h - 3*v + 1 = v. Suppose -h*y = y - 104. What is the units digit of y?
6
Let n = 560 - -298. What is the tens digit of n?
5
Let d(c) be the second derivative of 5/6*c**3 + 1/12*c**4 + 1/2*c**2 - 3*c + 0. What is the units digit of d(-7)?
5
Let a = -429 - -624. Suppose 4*j + j - a = 0. What is the tens digit of j?
3
Let s(w) = -11*w**2 + 6*w. Let o be s(3). Let r = o + 141. What is the units digit of r?
0
Let m(s) = -s**3 - 10*s + 3 - 10*s**2 - 5 + 10. Suppose 2*q + 5 = 2*l - 3, 2*q + 33 = -3*l. What is the tens digit of m(q)?
1
Suppose 5*r - r - 76 = 0. Suppose 0 = -6*x + 215 + r. What is the tens digit of x?
3
Let u be 3/(-12) + 178/8. Let n be (-27)/33 - 4/u. What is the units digit of ((-6)/12)/(n/10)?
5
Suppose 784 = 4*w + 3*o - 2796, -890 = -w - 2*o. What is the units digit of w?
8
Let x(a) = a**3 + 12*a**2 + 4*a + 10. Let p be ((-22)/8)/((-14)/(-56)). What is the units digit of x(p)?
7
What is the hundreds digit of ((-62)/8)/((-1)/132)?
0
Suppose 7*g - 3*g = 5*c - 1038, -4*c + 855 = 5*g. What is the tens digit of c?
1
Suppose -33*h - 18144 = -41*h. What is the hundreds digit of h?
2
Let d = 19 - 18. Suppose -2*x + 3 = -d. Suppose -16 = -p - 3*s, 3*p - x*s + 7*s - 52 = 0. What is the units digit of p?
9
Suppose 0*g = 5*j - g - 515, 218 = 2*j + 2*g. Suppose 5*h + 3*q - 174 = 0, -3*h + j = 6*q - 4*q. Suppose 0 = h*b - 33*b - 183. What is the units digit of b?
1
Let t = -38 - -79. Let d = -17 + t. What is the tens digit of d?
2
Suppose -12*z + 19 + 4109 = 0. What is the hundreds digit of z?
3
Let c be 26/7 - (6 + 132/(-21)). Let k(i) = -i. Let u be k(-4). Suppose d = 3*m + 64, -u*d - 7*m + 256 = -c*m. What is the units digit of d?
4
Suppose -2*u - 7574 = -5*k, 3*k - 1649 - 2903 = 5*u. What is the units digit of k?
4
Let b(i) = 3*i**2 - 4*i + 6. Let w be 2/1*((9 - 5) + -8). What is the units digit of b(w)?
0
Suppose 2 = 5*i - 28. Suppose -i*t + 20 = -10. Suppose t*c - 46 = 59. What is the units digit of c?
1
Suppose 0 = -4*m + 5*m - 6. Suppose -3*c - 5*i = -195, -m*c + 3*i + 171 = -3*c. Suppose -3*h = -5*r - 47, 8*h - 4*r - c = 4*h. What is the tens digit of h?
1
Suppose 3*r - 2382 = -4*n, 2*r = -4*n + 3*n + 598. What is the tens digit of n?
9
Let o(w) = -w**3 - 12*w**2 - 6*w - 14. What is the thousands digit of o(-17)?
1
Let z(q) = q**3 - q**2 + q. Let u be z(1). Suppose 0 = -2*y - 2 + 16. What is the tens digit of (y - -7) + u*-1?
1
Let x(u) = -u**3 - 20*u**2 + 4*u - 8. Let w be x(-20). Let n = w + 180. What is the units digit of n?
2
Suppose -r - y - 7 = -2*r, 4*r + 4*y + 4 = 0. Suppose 0 = -2*g + g - 5*m + 166, r*g = -5*m + 488. What is the hundreds digit of g?
1
Let f(y) = 4*y**2 - y + 6. Let a = 13 - 18. Let t be f(a). Let z = -77 + t. What is the units digit of z?
4
Let k(q) = 82*q**2 - 10*q - 37. What is the tens digit of k(-3)?
3
What is the thousands digit of (3/(-3))/((7/(-3035))/7)?
3
Let z(n) = 13*n**2 - n + 33. What is the hundreds digit of z(5)?
3
Let j(d) = -6*d + 25. Let b(p) = 5*p - 25. Let t(i) = -7*b(i) - 6*j(i). What is the tens digit of t(11)?
3
Suppose -10*v - 8073 = -19*v. What is the units digit of v?
7
Suppose 4*f - 93 = -v, -4*v + v - 9 = 0. Let k = f - -8. What is the tens digit of k?
3
Let m be ((-272)/64)/(2/(-168)). Suppose 5*r - m - 805 = 2*p, -2*p - 466 = -2*r. What is the tens digit of r?
3
What is the tens digit of (-3*4/12)/((-2)/56)?
2
Let j be (-1 - -923)*(-15)/(-30). Let f = j - 279. What is the hundreds digit of f?
1
Let r = -48 + 52. Suppose r*w - 185 - 275 = 0. What is the hundreds digit of w?
1
Let c be (-945)/(-10) + 5 + 1/(-2). Suppose -5*s + c = -6. What is the tens digit of s?
2
Let w(t) 